{"id":189,"date":"2020-05-13T13:10:12","date_gmt":"2020-05-13T12:10:12","guid":{"rendered":"http:\/\/el-frauenfelder.ch\/?page_id=189"},"modified":"2020-05-27T13:22:49","modified_gmt":"2020-05-27T12:22:49","slug":"189-2","status":"publish","type":"page","link":"https:\/\/el-frauenfelder.ch\/?page_id=189","title":{"rendered":"CV"},"content":{"rendered":"<p>[et_pb_section fb_built=&#8220;1&#8243; admin_label=&#8220;Header Section&#8220; _builder_version=&#8220;4.4.3&#8243; background_color=&#8220;#ffffff&#8220; background_enable_image=&#8220;off&#8220; width=&#8220;100%&#8220; max_width=&#8220;100%&#8220; custom_padding=&#8220;72px|||0px|false|false&#8220; border_color_all=&#8220;rgba(0,0,0,0)&#8220;][et_pb_row column_structure=&#8220;3_5,2_5&#8243; admin_label=&#8220;Header Row&#8220; _builder_version=&#8220;4.4.3&#8243; custom_margin=&#8220;17px|145px||auto||&#8220; custom_padding=&#8220;0px|0px|0px|0px||&#8220; border_color_all=&#8220;rgba(0,0,0,0)&#8220;][et_pb_column type=&#8220;3_5&#8243; _builder_version=&#8220;3.25&#8243; custom_padding=&#8220;|||&#8220; custom_padding__hover=&#8220;|||&#8220;][et_pb_cta title=&#8220;CV&#8220; button_url=&#8220;#top&#8220; admin_label=&#8220;Heading, Subheading &#038; CTA Button&#8220; _builder_version=&#8220;4.4.3&#8243; header_level=&#8220;h1&#8243; header_font=&#8220;Muli|700|||||||&#8220; header_text_align=&#8220;left&#8220; header_font_size=&#8220;33px&#8220; header_line_height=&#8220;1.4em&#8220; body_font=&#8220;Muli|600|||||||&#8220; body_text_align=&#8220;left&#8220; body_text_color=&#8220;#333333&#8243; body_font_size=&#8220;18px&#8220; body_line_height=&#8220;1.8em&#8220; use_background_color=&#8220;off&#8220; custom_button=&#8220;on&#8220; button_text_size=&#8220;16px&#8220; button_text_color=&#8220;#ffffff&#8220; button_bg_color=&#8220;#f4583f&#8220; button_border_width=&#8220;10px&#8220; button_border_color=&#8220;#f4583f&#8220; button_border_radius=&#8220;0px&#8220; button_font=&#8220;Muli|700|||||||&#8220; button_use_icon=&#8220;off&#8220; background_layout=&#8220;light&#8220; width=&#8220;100%&#8220; custom_margin=&#8220;0vw||0vw||false|false&#8220; custom_margin_tablet=&#8220;3vw||3vw|&#8220; custom_margin_phone=&#8220;|||&#8220; custom_margin_last_edited=&#8220;on|desktop&#8220; custom_padding=&#8220;|0px||||&#8220; animation_style=&#8220;fade&#8220; header_font_size_tablet=&#8220;&#8220; header_font_size_phone=&#8220;50px&#8220; header_font_size_last_edited=&#8220;on|phone&#8220; button_border_radius_hover=&#8220;0px&#8220; button_text_size__hover_enabled=&#8220;off&#8220; button_one_text_size__hover_enabled=&#8220;off&#8220; button_two_text_size__hover_enabled=&#8220;off&#8220; button_text_color__hover_enabled=&#8220;off&#8220; button_one_text_color__hover_enabled=&#8220;off&#8220; button_two_text_color__hover_enabled=&#8220;off&#8220; button_border_width__hover_enabled=&#8220;off&#8220; button_one_border_width__hover_enabled=&#8220;off&#8220; button_two_border_width__hover_enabled=&#8220;off&#8220; button_border_color__hover_enabled=&#8220;off&#8220; button_one_border_color__hover_enabled=&#8220;off&#8220; button_two_border_color__hover_enabled=&#8220;off&#8220; button_border_radius__hover_enabled=&#8220;on&#8220; button_border_radius__hover=&#8220;0px&#8220; button_one_border_radius__hover_enabled=&#8220;off&#8220; button_two_border_radius__hover_enabled=&#8220;off&#8220; button_letter_spacing__hover_enabled=&#8220;off&#8220; button_one_letter_spacing__hover_enabled=&#8220;off&#8220; button_two_letter_spacing__hover_enabled=&#8220;off&#8220; button_bg_color__hover_enabled=&#8220;off&#8220; button_one_bg_color__hover_enabled=&#8220;off&#8220; button_two_bg_color__hover_enabled=&#8220;off&#8220;][\/et_pb_cta][\/et_pb_column][et_pb_column type=&#8220;2_5&#8243; _builder_version=&#8220;3.25&#8243; custom_padding=&#8220;|||&#8220; custom_padding__hover=&#8220;|||&#8220;][et_pb_text _builder_version=&#8220;4.4.3&#8243; text_text_color=&#8220;#000000&#8243; header_4_text_color=&#8220;#000000&#8243; custom_margin=&#8220;5vw|||100px|false|false&#8220; hover_enabled=&#8220;0&#8243;]<\/p>\n<h4><a href=\"https:\/\/el-frauenfelder.ch\/\">=&gt; Startseite<\/a><\/h4>\n<p>[\/et_pb_text][\/et_pb_column][\/et_pb_row][\/et_pb_section][et_pb_section fb_built=&#8220;1&#8243; admin_label=&#8220;Our Works CTA Section&#8220; _builder_version=&#8220;4.4.3&#8243; background_enable_color=&#8220;off&#8220; custom_padding=&#8220;0px|0px|0px|0px||&#8220;][et_pb_row _builder_version=&#8220;4.4.3&#8243;][et_pb_column type=&#8220;4_4&#8243; _builder_version=&#8220;4.4.3&#8243;][et_pb_text _builder_version=&#8220;4.4.3&#8243;]<\/p>\n<p class=\"p1\"><strong>El Frauenfelder<\/strong><\/p>\n<p class=\"p1\">1979 geboren in Zu\u0308rich<br \/> 2000 &#8211; 2005 Studium an der Academy of Fine Arts Helsinki<br \/> Abschluss des Studiums mit dem Master in Malerei<br \/> Lebt und arbeitet in Zu\u0308rich und Ossingen.<\/p>\n<p class=\"p1\">Einzelausstellungen<\/p>\n<p class=\"p1\">2019 Das Haus in Dir, Galerie Brigitte Weiss, Zu\u0308rich gedacht, Kunstverein Frauenfeld, Frauenfeld<br \/> 2018 Kunstverein Schaffhausen zu Gast in der Galerie Mera, Schaffhausen (K)<br \/> 2017 Fast Farb, Galerie Brigitte Weiss, Zu\u0308rich<br \/> 2016 Painting Desoulation (mit David Chieppo), Trudelhaus, Baden<br \/> 2015 usser mir, Kunstmuseum Winterthur, Manor-Kunstpreis Kanton Zu\u0308rich 2015<br \/> 2014 usser mir, Galerie Brigitte Weiss, Zu\u0308rich<br \/> 2013 Die Diele, Zu\u0308rich Galerie Brigitte Weiss, Zu\u0308rich<br \/> 2012 Galerie Brigitte Weiss, Zu\u0308rich<br \/> 2011 Galerie Brigitte Weiss, Zu\u0308rich<br \/> 2010 Substitut, Berlin (mit Susanne Hofer)<br \/> 2009 Quien es? Quien es?, Galerie Brigitte Weiss, Zu\u0308rich Gardens, Stiftung Binz 39, Zu\u0308rich<br \/> 2008 Forde &#8211; Espace d\u2019art contemporain, Gen\u00e8ve Wendy, Galerie Brigitte Weiss, Zu\u0308rich<br \/> 2007 Galerie Brigitte Weiss, Zu\u0308rich<br \/> 2005 Kuvataideakatemian Gallery, Helsinki<br \/> 2001 Hauptgeb\u00e4ude der Academy of Fine Arts Helsinki<\/p>\n<p class=\"p1\">Ausstellungsbeteiligungen<\/p>\n<p class=\"p1\">2017 Baden gehen in Zu\u0308rich, Aquarium-Galerie im Max Frisch Bad Letzigraben<br \/> 2016 Preview XIII, Galerie Brigitte Weiss, Zu\u0308rich Langmatt, Licht, Libellen, Museum Langmatt, Baden Stiftung Kunstsammlung A. u. M. Ru\u0308egg, Zu\u0308rich Malerei zwischen Raum und Abstraktion, Kunstmuseum Olten Frauen Power, Art Dock, Zu\u0308rich<br \/> 2015 Zolliker Kunstpreis 2015 (Marcel G\u00e4hler und El Frauenfelder), Villa Meier-Severini, Zollikon<br \/> 2014 Dezember-Ausstellung: Fokus, Kunstmuseum Winterthur Was frag ich nach der Welt, Nextex, St. Gallen Art-Ort-Tat, kuratiert von Philipp Ehgartner, Galerie am Leewasser, Brunnen Solutions from Zurich, Divoinstitut, Prag<br \/> 2013 Chambres de luxe, Kunstmuseum Thun (K) \u00c0 la recherche de la boh\u00e8me perdue, CAN Centre d\u2019Art Neuch\u00e2tel Malerei jetzt!, Terminal P, Balsberg-Kloten<br \/> 2012 X &#8211; Malerei in Zu\u0308rich, Helmhaus Zu\u0308rich (K)<br \/> 2011 Werk- und Atelierstipendien der Stadt Zu\u0308rich, Helmhaus Zu\u0308rich HundKatzMaus, Kunsthaus Zu\u0308rich Zwischenlager, Ank\u00e4ufe der Stadt Zu\u0308rich 06 &#8211; 10, Helmhaus Zu\u0308rich<br \/> 2010 Werkschau 2010, Kanton Zu\u0308rich, Werkbeitr\u00e4ge Bildende Kunst, F+F, Zu\u0308rich Sein\u00e4 (Wand), Amos Anderson Art Museum, Helsinki Ausstellungsbeteiligungen &#8211; Fortsetzung<br \/> 2008 <span class=\"s1\">Unter 30 VI, <\/span>Kiefer Hablitzel Stiftung \/ Kunsthaus Langenthal (K) Junge Malerei<br \/> 2007-2008<span class=\"s2\">, Kunstraum Baden\u00a0<\/span>Kleine Kunstgeschichte der Schweizer Malerei<span class=\"s2\">, Kunsthalle Palazzo Liestal\u00a0<\/span>Werk- und Atelierstipendien der Stadt Zu\u0308rich<span class=\"s2\">, Helmhaus Zu\u0308rich\u00a0<\/span><span class=\"s1\">Stipendiaten 2007 &#8211; 2009<\/span>, Stiftung Binz39, Zu\u0308rich\u00a0<span style=\"font-size: 14px;\">Kiefer Hablitzel Preis, Messe Basel\u00a0<\/span>S\u00e9lection de films d\u2019animation par F. et S. Guillaume, Centre Culturel Suisse, Paris<br \/>2007 Programme video by bureaudesvideos.com, kuratiert von Nicolas Tremblay, Restaurant Georges, Centre Georges Pompidou, Paris\u00a0<span class=\"s1\">Gedruckt <\/span>&#8211; Druckwerkstatt Olten, PROGR, Bern\u00a0<span class=\"s1\">dessine-moi un mouton&#8230;<\/span>, kuratiert von Dorothee Messmer, Kunstmuseum Thurgau (K)\u00a0<span class=\"s1\">Preview VIII<\/span>, Galerie Brigitte Weiss, Zu\u0308rich\u00a0<span class=\"s1\">delightful horror, <\/span>kuratiert von Sabine Rusterholz und Alexandra Bl\u00e4ttler, Binz39, Zu\u0308rich<br \/>2006 Swiss Institute New York at Milwaukee Art Fair &#8211; curated by Gianni Jetzer Kanton Zu\u0308rich, Werkbeitr\u00e4ge Bildende Kunst 2006<span class=\"s2\">, F+F, Zu\u0308rich\u00a0<\/span><span class=\"s1\">Preview VII<\/span>, Galerie Brigitte Weiss, Zu\u0308rich<br \/>2005 Helsinki City Museum, Helsinki<br \/>2001 Puoli Q Theater, Helsinki<\/p>\n<p class=\"p1\">Preise, Stipendien und Werkbeitr\u00e4ge<\/p>\n<p class=\"p1\">2016 Nomination fu\u0308r den Prix Mobili\u00e8re<br \/>2015 Manor-Kunstpreis Kanton Zu\u0308rich Zolliker Kunstpreis<br \/>2010 Werkbeitrag des Kantons Zu\u0308rich Werkbeitrag Suomen Taideyhdistys, Helsinki (Finnischer Kunstverein)<br \/>2009 Swiss Films &#8211; Teilnahme am 6. China Independent Film Festival, Nanjing<br \/>2008 Werkstipendium der Stadt Zu\u0308rich Kiefer Hablitzel Preis<br \/>2007 &#8211; 2009 Atelierstipendium, Stiftung Binz39, Zu\u0308rich<br \/>2006 Werkbeitrag des Kantons Zu\u0308rich<br \/>2005 Stipendium der Academy of Fine Arts, Helsinki fu\u0308r Studienaufenthalt in Pine Ridge, USA<\/p>\n<p class=\"p1\">\u00d6ffentliche Sammlungen<\/p>\n<p class=\"p1\">Kunsthaus Zu\u0308rich<br \/>Kunstmuseum Winterthur<br \/>Kunstmuseum Thun<br \/>Kunstmuseum Olten<br \/>Kunstsammlung der Stadt Zu\u0308rich<br \/>Kunstsammlung der Stadt Winterthur<br \/>Kunstsammlung des Kantons Zu\u0308rich<br \/>Kunstsammlung der Stadt Baden<br \/>Kunstsammlung Bank Julius B\u00e4r, Zu\u0308rich<br \/>Kunstsammlung Zu\u0308rcher Kantonalbank<\/p>\n<p class=\"p1\">Kunst am Bau<\/p>\n<p class=\"p1\">2018 Projekt: Neubau Wohnsiedlung Herdernstrasse, Zu\u0308rich<\/p>\n<p class=\"p1\">Bibliografie<\/p>\n<p class=\"p1\">Kathrin Frauenfelder: Die Kunstsammlung des Kantons Zu\u0308rich. Mehr als nur der Sch\u00f6nheit verpflichtet. Baudirektion Kanton Zu\u0308rich, Hochbauamt. Scheidegger &amp; Spiess AG, Zu\u0308rich 2019 thurgaukultur.ch\/magazin 14.2.2019, Anabel Roque Rodriguez: Ein Haus ist mehr als ein Ort mit einem Dach Thurgauer Zeitung 7.2.2019, Dieter Langhart: Die Bildbauerin. Katalog: Kunstverein Schaffhausen \/ Galerie Mera, Schaffhausen, Text (d\/e) von Peter Maurer, Zu\u0308rich NZZ, 13.5.2017 (Reihe: Auf Zeitungspapier), Philipp Meier: \u2018Ich weiss schon, dass eine Wiese &#8211; keine Wiese ist\u2019. Bei Seherfahrungen gibt es fu\u0308r El Frauenfelder keine Gewissheiten. Motel mit gru\u0308nem Dach. (Abbildung u\u0308ber zwei Seiten). Martin Walker: Baden gehen in Zu\u0308rich. Abbildungen von Anton. Bruhin, El Frauenfelder, Dieter Hall, Robert Honegger, Peter Maurer, Martin Senn, David Weiss, Alex Zwalen. Walkwerk, Zu\u0308rich 2016 Kunst-Bulletin 4\/2017, Thomas Schlup: Painting Desoulation Nordwestschweiz, 24.2.2017, Isabel Zu\u0308rcher: Eine Winterreise der Gegenwart Katalog: Museum Langmatt, Baden. Langmatt, Licht, Libellen. Impressionismus gestern und heute. Text von Markus Stegmann, Hatje Cantz Verlag, Berlin 2016 Kunst-Bulletin 12\/2015, Kristin Schmidt: El Frauenfelder &#8211; usser mir. NZZ, 7.10.2015, Philipp Meier: Die Manor-Kunstpreistr\u00e4gerin El Frauenfelder &#8211; Kunst ist Kampf ist Krieg. Der Landbote, 12.9.2015, Katja Baumhoff: Die Aufhebung des Bildraums. Katalog: Kunstmuseum Winterthur, El Frauenfelder &#8211; usser mir. Textbeitr\u00e4ge von Markus Stegmann und Simona Ciuccio. Verlag Scheidegger &amp; Spiess AG, Zu\u0308rich 2015 Der Landbote, 24.3.2015, Gabriele Spiller: \u201cSehe immer den Aspekt des Subversiven\u201d Katalog: Kunstmuseum Thun, Chambres de luxe. Ku\u0308nstler als Hoteliers und G\u00e4ste. Texte von Dr. K. Ammann, B. Berger, H. Hirsch, Dr. J. Keller, F. Lunn u.a. Verlag fu\u0308r Moderne Kunst, Nu\u0308rnberg, 2014 Andelfinger Zeitung, 30.7.2013, Silvia Mu\u0308ller: \u201cDie Landschaft hier ist perfekt fu\u0308r mein momentanes Vorhaben\u201d. Kunst-Bulletin 6\/2013, Markus Stegmann: El Frauenfelder &#8211; Malerei als physischer Widerstand Katalog: X &#8211; Malerei in Zu\u0308rich, Helmhaus Zu\u0308rich (2012). Text von Daniel Morgenthaler. Du-Sonderedition: Julius B\u00e4r Kunstsammlung (Juni 2011) Katalog: Kunstraum Baden &#8211; Ausstellungen 2004-2009. Herausgeber: Stefi Binder, Ren\u00e9 R\u00f6theli NZZ, 16.10.10, Brigitte Ulmer: Ku\u0308nstlerische Herbstlese. Katalog: Forde &#8211; espace d\u2019art contemporain, Gen\u00e8ve, 1994-2009. JRP Ringier, Zurich, 2009 Das Magazin, Nr. 38\/2009, Text: Mich\u00e8le Roten, Bilder: Andrea A. Pant\u00e9 &#8211; Wir Dreissigk\u00e4sehochs. Bolero, Jan.\/Feb. 2009, Karolina Dankow: Top 7 der jungen Schweizer Kunstszene. Kiefer Hablitzel Stiftung, kunstmuseum langenthal, Publikation zur Ausstellung \u201cunter 30 VI\u201d, kuratiert von Fanni Fetzer (27.11.08 &#8211; 4.1.09). Texte von Toni Stooss, Gina De Micheli u.a. Kunstmagazin Regioartline, 10.2008, Andrea Portmann: Von sperrig u\u0308ber verhalten bis neckisch und poetisch Tages-Anzeiger, 15.8.2008, Barbara Basting: Karge Kunst von jungen Zu\u0308rchern NZZ, 9.\/10.8.2008, Philipp Meier: Wie man sich vor einem Kunstwerk verh\u00e4lt. Die Werk- und Atelierstipendien der Stadt Zu\u0308rich im Helmhaus Kunst-Bulletin, 5\/2008, Dominique von Burg: El Frauenfelder bei Brigitte Weiss Frankfurter Allgemeine Zeitung, 26.4.2008, Tilo Richter: Die Leinwand als Skizzenblock. Zu\u0308rcher Bilderreigen: Ein Rundgang durch die Galerien artensuite, April 2008, Natalia Huser: Faszination Wilder Westen Kunstmuseum Thurgau, Publikation zur Ausstellung (18.2. &#8211; 15.7.2007) \u201cDessine-moi un mouton! &#8211; Imagination und Gegenwelten in zeitgen\u00f6ssischen Zeichnungen\u201d, kuratiert von Dorothee Messmer Tages-Anzeiger zu\u0308ritipp, 25.-31.1.2007, Sascha Renner: Phantom Amerika Swiss Institute \/ Contemporary Art New York, Gianni Jetzer: \u201cSteakhouse, 2005\u201d NZZ, 31.5.2006, Urs Steiner: Kunst auf dem Weg vom Hades zum Himmel &#8211; Galerien im Kreis 4<\/p>\n<p>[\/et_pb_text][\/et_pb_column][\/et_pb_row][\/et_pb_section]<\/p>\n","protected":false},"excerpt":{"rendered":"<p>[et_pb_section fb_built=&#8220;1&#8243; admin_label=&#8220;Header Section&#8220; _builder_version=&#8220;4.4.3&#8243; background_color=&#8220;#ffffff&#8220; background_enable_image=&#8220;off&#8220; width=&#8220;100%&#8220; max_width=&#8220;100%&#8220; custom_padding=&#8220;72px|||0px|false|false&#8220; border_color_all=&#8220;rgba(0,0,0,0)&#8220;][et_pb_row column_structure=&#8220;3_5,2_5&#8243; admin_label=&#8220;Header Row&#8220; _builder_version=&#8220;4.4.3&#8243; custom_margin=&#8220;17px|145px||auto||&#8220; custom_padding=&#8220;0px|0px|0px|0px||&#8220; border_color_all=&#8220;rgba(0,0,0,0)&#8220;][et_pb_column type=&#8220;3_5&#8243; _builder_version=&#8220;3.25&#8243; custom_padding=&#8220;|||&#8220; custom_padding__hover=&#8220;|||&#8220;][et_pb_cta title=&#8220;CV&#8220; button_url=&#8220;#top&#8220; admin_label=&#8220;Heading, Subheading &#038; CTA Button&#8220; _builder_version=&#8220;4.4.3&#8243; header_level=&#8220;h1&#8243; header_font=&#8220;Muli|700|||||||&#8220; header_text_align=&#8220;left&#8220; header_font_size=&#8220;33px&#8220; header_line_height=&#8220;1.4em&#8220; body_font=&#8220;Muli|600|||||||&#8220; body_text_align=&#8220;left&#8220; body_text_color=&#8220;#333333&#8243; body_font_size=&#8220;18px&#8220; body_line_height=&#8220;1.8em&#8220; use_background_color=&#8220;off&#8220; custom_button=&#8220;on&#8220; button_text_size=&#8220;16px&#8220; button_text_color=&#8220;#ffffff&#8220; button_bg_color=&#8220;#f4583f&#8220; button_border_width=&#8220;10px&#8220; button_border_color=&#8220;#f4583f&#8220; button_border_radius=&#8220;0px&#8220; button_font=&#8220;Muli|700|||||||&#8220; button_use_icon=&#8220;off&#8220; background_layout=&#8220;light&#8220; width=&#8220;100%&#8220; custom_margin=&#8220;0vw||0vw||false|false&#8220; custom_margin_tablet=&#8220;3vw||3vw|&#8220; custom_margin_phone=&#8220;|||&#8220; [&hellip;]<\/p>\n","protected":false},"author":1,"featured_media":0,"parent":0,"menu_order":0,"comment_status":"closed","ping_status":"closed","template":"","meta":{"_et_pb_use_builder":"on","_et_pb_old_content":"","_et_gb_content_width":""},"_links":{"self":[{"href":"https:\/\/el-frauenfelder.ch\/index.php?rest_route=\/wp\/v2\/pages\/189"}],"collection":[{"href":"https:\/\/el-frauenfelder.ch\/index.php?rest_route=\/wp\/v2\/pages"}],"about":[{"href":"https:\/\/el-frauenfelder.ch\/index.php?rest_route=\/wp\/v2\/types\/page"}],"author":[{"embeddable":true,"href":"https:\/\/el-frauenfelder.ch\/index.php?rest_route=\/wp\/v2\/users\/1"}],"replies":[{"embeddable":true,"href":"https:\/\/el-frauenfelder.ch\/index.php?rest_route=%2Fwp%2Fv2%2Fcomments&post=189"}],"version-history":[{"count":9,"href":"https:\/\/el-frauenfelder.ch\/index.php?rest_route=\/wp\/v2\/pages\/189\/revisions"}],"predecessor-version":[{"id":476,"href":"https:\/\/el-frauenfelder.ch\/index.php?rest_route=\/wp\/v2\/pages\/189\/revisions\/476"}],"wp:attachment":[{"href":"https:\/\/el-frauenfelder.ch\/index.php?rest_route=%2Fwp%2Fv2%2Fmedia&parent=189"}],"curies":[{"name":"wp","href":"https:\/\/api.w.org\/{rel}","templated":true}]}}